 base 12?
2173b86
103155020 (base 6) to base 16
1bffb4
9278 (base 14) to base 7
133311
What is -149a16 (base 12) in base 10?
-348786
1c1921 (base 13) to base 5
140432040
Convert -10602235 (base 9) to base 7.
-61452155
Convert 1720c36 (base 14) to base 11.
6469119
Convert -b2a944 (base 15) to base 14.
-11b015c
What is -14444141 (base 7) in base 8?
-5170405
What is 8573126 (base 9) in base 14?
8787ba
What is -11b52 (base 14) in base 12?
-21138
-1d21 (base 14) to base 15
-189b
-12d06 (base 15) to base 2
-1110101110010010
What is 543537 (base 9) in base 3?
121110121021
Convert 100021210210102 (base 3) to base 8.
22651675
What is 12644 (base 9) in base 4?
2011201
-103030031322 (base 4) to base 15
-695903
What is 500715 (base 8) in base 9?
270336
What is -12342 (base 6) in base 7?
-5300
Convert -234756 (base 10) to base 6.
-5010500
What is -121201221002 (base 3) in base 15?
-6793b
What is -1100011010011100100 (base 2) in base 16?
-634e4
What is -37840b (base 12) in base 14?
-1982a7
Convert -34329 (base 12) to base 13.
-25899
Convert 1111101010011101111001 (base 2) to base 5.
2022343410
Convert -35552 (base 14) to base 9.
-217316
Convert 10502563 (base 7) to base 11.
570679
Convert -26135 (base 9) to base 16.
-44c9
What is -174601 (base 8) in base 4?
-33212001
Convert -5205345 (base 9) to base 15.
-39d722
What is 62533a (base 15) in base 16?
475621
What is -12010021110201 (base 3) in base 15?
-38b66a
Convert 27236070 (base 8) to base 3.
102111102201002
What is 501965 (base 11) in base 4?
3011031002
Convert 59a83 (base 11) to base 3.
11101122011
What is 112317 (base 9) in base 12?
32b67
13120301100 (base 5) to base 16
f6e898
What is 112340540 (base 6) in base 10?
2081580
Convert 12213122011 (base 4) to base 10.
1734277
-110232233 (base 4) to base 11
-58882
What is 1210212213 (base 4) in base 6?
12455423
Convert 427041 (base 12) to base 2.
100000000000101110001
Convert 507613a (base 11) to base 8.
42154372
-87261 (base 9) to base 15
-121dd
Convert 11031124403 (base 5) to base 12.
40152a8
Convert 110010001011010011 (base 2) to base 11.
13045a
Convert -244610 (base 7) to base 12.
-21b8b
Convert -35d00 (base 16) to base 7.
-1605420
10b08 (base 14) to base 4
21322010
Convert -30403212 (base 5) to base 2.
-111100011000001011
Convert 2010020132 (base 4) to base 5.
114304324
What is 2689914 (base 11) in base 6?
243235451
Convert -2b037 (base 14) to base 3.
-12102212101
1525314 (base 6) to base 16
15cee
Convert -13560560 (base 8) to base 2.
-1011101110000101110000
Convert -7503971 (base 11) to base 2.
-110010011001011011001110
Convert -24568 (base 10) to base 8.
-57770
Convert -2c680 (base 13) to base 15.
-1a104
What is -460642 (base 7) in base 13?
-2b3c6
Convert 4ee1ac (base 15) to base 16.
39e3df
What is -17a685a (base 11) in base 15?
-404ed2
What is 304202 (base 11) in base 4?
1313110101
What is -23115412 (base 6) in base 4?
-2231120000
Convert 622bb6 (base 12) to base 16.
177e3a
-547b86 (base 12) to base 9
-2463313
-1485426 (base 10) to base 8
-5525162
-1974132 (base 12) to base 6
-311132502
What is 260b375 (base 14) in base 11?
a38082a
105324 (base 7) to base 10
18687
367712 (base 14) to base 16
1c7374
122010424 (base 5) to base 14
110d56
What is -18729 (base 10) in base 14?
-6b7b
-1e018 (base 15) to base 10
-97898
2108a3 (base 11) to base 2
1010010011110100000
Convert -22042234 (base 5) to base 6.
-4025035
Convert -7a1010 (base 13) to base 7.
-33352351
Convert -676503 (base 9) to base 16.
-62e0b
-1112021010110 (base 3) to base 12
-332033
2546560 (base 10) to base 6
130325344
What is 46018 (base 10) in base 6?
553014
Convert 38782c (base 13) to base 15.
1bca91
22505012 (base 6) to base 7
5614565
What is 25a844 (base 11) in base 6?
12440241
What is -31121313121 (base 4) in base 5?
-1344420232
What is 101001021100 (base 3) in base 5?
22312012
What is -122701 (base 10) in base 16?
-1df4d
What is -10432535 (base 7) in base 4?
-3123131303
What is 7082554 (base 9) in base 10?
3774487
What is 100010101110011000 (base 2) in base 6?
3014252
What is 27122400 (base 9) in base 7?
221362242
What is -502312125 (base 6) in base 10?
-8516501
-31410441 (base 5) to base 15
-52eeb
12012133112 (base 5) to base 10
13786657
-132a0 (base 16) to base 2
-10011001010100000
What is 4120024324 (base 5) in base 16?
7f94fe
What is -215031212 (base 6) in base 14?
-72caa4
-956749 (base 11) to base 15
-203bd5
Convert 938da (base 15) to base 2.
1110010001100101011
What is 237628 (base 12) in base 11?
361446
Convert 111222102221 (base 3) to base 5.
32301110
Convert -4a9b99 (base 14) to base 12.
-a36a8b
Convert -126666 (base 9) to base 8.
-226443
Convert -11356633 (base 9) to base 14.
-a3d068
What is -1d603 (base 16) in base 14?
-31bc7
What is 14c8d9 (base 16) in base 11?
850437
Convert 10413123 (base 5) to base 13.
32950
What is 24405022 (base 6) in base 3?
1110120011112
Convert 11101001110001100111 (base 2) to base 13.
276ac2
What is -110011100110010 (base 2) in base 12?
-13356
-474478 (base 14) to base 13
-671cc8
Convert -31200323 (base 4) to base 9.
-83835
What is 34794bc (base 13) in base 5?
13120424010
-40124142 (base 7) to base 6
-155033320
Convert 40374 (base 10) to base 5.
2242444
What is -222534 (base 9) in base 6?
-2504134
Convert 101100111001011110 (base 2) to base 6.
3535222
-120122022013 (base 4) to base 12
-2186a87
46726 (base 14) to base 15
35c59
What is -1011000011111001111 (base 2) in base 14?
-96131
-30010233 (base 4) to base 9
-74750
What is 10101100001011001000000 (base 2) in base 11?
3203842
What is 83 (base 15) in base 8?
173
123652 (base 12) to base 6
10204142
Convert 20d03 (base 14) to base 13.
2a195
What is -211033202 (base 4) in base 2?
-100101001111100010
What is -ca6974 (base 16) in base 11?
-7540435
Convert 41755 (base 8) to base 9.
25761
33432 (base 14) to base 16
1e594
Convert -65215774 (base 8) to base 6.
-1215202540
What is -28587453 (base 9) in base 14?
-1c4c350
-12d771 (base 14) to base 12
-275247
Convert 190c87 (base 14) to base 16.
d8517
-20201120111210 (base 3) to base 16
-3688aa
Convert 3105406 (base 7) to base 13.
100231
8190cd (base 14) to base 7
52052346
-2324201 (base 6) to base 14
-31b17
What is -3241212020 (base 5) in base 3?
-111010102010010
What is -1e85b9 (base 15) in base 5?
-340341144
What is 312435215 (base 6) in base 8?
24621073
111110021220 (base 3) to base 2
1000000101010001000
7322 (base 13) to base 10
15914
What is -116260 (base 13) in base 5?
-101212302
Convert -56784ba (base 12) to base 11.
-93a6837
-132210430 (base 6) to base 2
-1010000010000001110010
What is 18737103 (base 9) in base 12?
3209a86
2201264 (base 8) to base 14
1152ba
Convert 13707 (base 14) to base 4.
23232123
What is 237373 (base 10) in base 16?
39f3d
What is -63220 (base 11) in base 10?
-92103
-44101 (base 13) to base 14
-32c82
What is -2162881 (base 11) in base 15?
-4ee9e3
What is -437936 (base 10) in base 11?
-27a034
What is -202100102001111 (base 3) in base 10?
-10814026
-60fb5 (base 16) to base 14
-a4aa1
Convert -348488 (base 9) to base 4.
-303023123
Convert 221506 (base 9) to base 8.
402410
172098 (base 15) to base 8
4214603
101200201011 (base 3) to base 5
23213334
Convert -41242412 (base 7) to base 16.
-34bbba
Convert -20110102222 (base 3) to base 5.
-13032134
Convert 4338024 (base 9) to base 7.
25535323
Convert -111010000120001 (base 3) to base 9.
-14100501
-10101111001010100 (base 2) to base 4
-111321110
Convert -1011101100000111110011 (base 2) to base 8.
-13540763
-5850148 (base 9) to base 3
-12221200011122
What is 375262 (base 14) in base 4?
13033002012
-3979bc (base 14) to base 16
-1e37c2
3023542 (base 6) to base 9
237648
What is 2726043 (base 8) in base 16?
bac23
What is 157343 (base 8) in base 2?
1101111011100011
Convert 31034 (base 12) to base 4.
33213220
Convert 113410 (base 6) to base 7.
40530
Convert -62165 (base 13) to base 11.
-110271
Convert 10100001100001101000001 (base 2) to base 12.
1933001
Convert 257332 (base 8) to base 13.
31b61
What is 1014223 (base 5) in base 10?
16813
Convert -1018460 (base 9) to base 10.
-544212
Convert 2144114404 (base 5) to base 9.
8716520
-28107575 (base 9) to base 4
-310331023223
Convert -140320142 (base 5) to base 3.
-1100021010221
Convert 30112321031 (base 4) to base 3.
20002120202112
-1001111100110010110100 